hen 1 - q/(1 + -3) is divided by 1/1 - (-15 + -2)?
16
Let w be (9/(-3))/(12/16). Let k(r) = -5*r - 3. Calculate the remainder when k(w) is divided by 6.
5
Suppose 2*w - 36 = -2*f, -5*f - 30 = 2*w - 81. Suppose 0*t = -t + w. What is the remainder when t is divided by 5?
3
Let z = -144 - -152. Let s(y) = -10*y + 5. Let k(b) = -20*b + 9. Let r(o) = 3*k(o) - 5*s(o). Calculate the remainder when r(-2) is divided by z.
6
Let b = 13 - -1. Suppose 2*n - 4 = 4*l + 12, 0 = 3*n + 5*l - 79. What is the remainder when (-83)/(-3) + (-12)/n is divided by b?
13
Let x(y) = -10*y - 17*y**2 + 8*y**2 + 8*y**2 - 1. Let s = -3 - 4. Calculate the remainder when x(s) is divided by 11.
9
What is the remainder when 36 is divided by 7*(-1)/((-4)/4)?
1
Let o = 35 - -5. Calculate the remainder when 77 is divided by o.
37
Let l(y) = 8*y**2 - y - 1. Let z be l(2). Let r = z - 16. Calculate the remainder when r is divided by 7.
6
Let m(j) = -47*j + 1. Let a = 8 + -9. Let s be m(a). Suppose s = -10*y + 13*y. What is the remainder when y is divided by 6?
4
Suppose 0 = -9*g + 447 - 33. What is the remainder when g is divided by 17?
12
Let k = -3 + 15. What is the remainder when (-112)/(-5) - (-2)/(-5) is divided by k?
10
Suppose -4*r + 67 + 33 = 0. Suppose 4*w + r = 77. Let d(j) = 4*j. What is the remainder when d(6) is divided by w?
11
Suppose 3*o = 4*c + 24, -o + 2*c - 4*c - 2 = 0. Suppose 0*s = o*s - 40. What is the remainder when 28 is divided by s?
8
Let h(f) = -7*f**3 - f**2 - 5*f - 1. What is the remainder when h(-2) is divided by 16?
13
Suppose 3*k + 116 = 5. Let l = -21 - k. Let h(c) = c**2 + 4*c + 4. What is the remainder when l is divided by h(-5)?
7
Let c be (-41)/6 + 2/(-12). Let q(j) = 2*j**2 + 10*j - 3. What is the remainder when 72 is divided by q(c)?
22
Let v(f) = -f**2 + 10*f + 9. What is the remainder when v(10) is divided by 4?
1
Let a(f) = -5*f**2 - 3*f + 7. Let l(b) = 6*b**2 + 2*b - 7. Let s(v) = 5*a(v) + 4*l(v). What is the remainder when 13 is divided by s(-7)?
6
Let z be 5 + 5/(5/(-2)). Let c be z/(23/(-10) - -2). Let s = c + 29. Calculate the remainder when 56 is divided by s.
18
Let y(c) = -c - 6. Let r be y(-6). Suppose r = -2*m + 7 + 11. Calculate the remainder when 16 is divided by m.
7
Let c(f) = f + 11. Let z be c(-9). Suppose z*q - 54 = 60. What is the remainder when q is divided by 12?
9
Let p(m) = 16*m - 13. Calculate the remainder when p(3) is divided by 6.
5
Let r(b) = b**3 + 11*b**2 + 10*b + 12. Let t be (-10)/(1/(-3)*-3). Calculate the remainder when 34 is divided by r(t).
10
Let c(v) = -2*v - 12. What is the remainder when 6 is divided by c(-8)?
2
Let a = -34 + 98. What is the remainder when a is divided by 22?
20
Let j be -3 - (-4)/2 - 2. Let t(d) = -10*d - 2*d**3 - 3 + 7*d + 2*d + d**3. Calculate the remainder when t(j) is divided by 14.
13
Suppose -95*n + 99*n = 24. What is the remainder when 23 is divided by n?
5
Let w(a) = a**2 + 11*a + 12. Let r be w(-10). Suppose 0 = -4*s + 3*l + 237 - 36, -5*s = r*l - 234. What is the remainder when s is divided by 10?
8
Suppose p + 2*t = 6*p - 3, -p + 4*t = -15. Calculate the remainder when 3 is divided by p + 1 + 2 + -1.
0
Suppose 4*o - 32 = -2*c, 0 = 2*c + 2*o + 15 - 49. Let s(j) = -15*j + 9. What is the remainder when s(-4) is divided by c?
15
Let m(u) = 84*u + 4. What is the remainder when m(1) is divided by 7?
4
Suppose 4*n - 2*n + i - 161 = 0, -2*n = -4*i - 156. What is the remainder when n is divided by 28?
24
Let z(h) = -13*h. Suppose 0*p = 5*t + 3*p - 93, -2*t + 50 = -2*p. Suppose -6*j + 3*j + t = 0. What is the remainder when z(-1) is divided by j?
6
Calculate the remainder when (0 - (-6 - -3)) + 131 is divided by 46.
42
Let c(z) = 4*z - 1. Let q be c(1). Suppose -3*v - 3*s + 9 = 0, -q*v - 2*v = -4*s - 15. Let w(p) = p - 8. Calculate the remainder when w(13) is divided by v.
2
Let m be 3/2*(-20)/(-6). Let l(b) = b**3 - 6*b**2 + 4*b + 4. Let d be l(m). What is the remainder when 12 is divided by (-7*(-1)/d)/(-1)?
5
Suppose -2*h - 3*h + 450 = 0. What is the remainder when h is divided by 23?
21
Suppose -2*r + 3*d = 5*d, 0 = -2*r + 3*d + 25. Suppose 3*c - 5 = -r*a + 47, c - 16 = -a. What is the remainder when 25 is divided by c?
11
Let k(j) = -j. Let a be k(-3). Let f(q) = 6*q - 2. Suppose 2*z + 46 = 3*z. What is the remainder when z is divided by f(a)?
14
Let h be (-163)/(-4) - (-8)/32. Suppose 0 = a - 0*a - 4, -4*a + h = 5*d. Calculate the remainder when d is divided by 4.
1
Suppose 308 = 8*z - z. What is the remainder when 130 is divided by z?
42
Let k be ((-30)/(-35))/(2/(-14)). What is the remainder when 9 is divided by ((-4)/k)/(1/9)?
3
Let m = 26 - 4. What is the remainder when 63 + (1 + 2 - 1) is divided by m?
21
Suppose -d = -5*v + 90, 0 = 3*v + 2*d + d - 72. What is the remainder when 45 is divided by v?
7
Let c(m) = m**2 + m - 2. Let w be (-186)/12 - (-2)/4. Let x = w + 34. Calculate the remainder when x is divided by c(3).
9
Let w = 63 + -25. Suppose 4 = 3*l - w. Let x = l + 8. What is the remainder when x is divided by 8?
6
Suppose 5*i - 217 = 3*x, 177 = 4*i - 4*x + 5*x. Suppose 4*d = -7*s + 3*s + 44, -5*s + 87 = -3*d. What is the remainder when i is divided by s?
14
Calculate the remainder when (-51)/2*(-30)/9 is divided by 22.
19
Let u = 0 + 5. Suppose 22 = -u*d + 117. What is the remainder when 93 is divided by d?
17
Suppose 4*v = 107 + 41. Let l = -40 + 60. What is the remainder when v is divided by 1/(2/l) + 0?
7
Let s(r) = -r**2 - 8*r - 4. Let f be 2 - (-1 + 5) - 4. What is the remainder when 30 is divided by s(f)?
6
Let q be (-30)/(-10) + 5*6. Suppose u = -2*u + q. What is the remainder when 20 is divided by u?
9
Let v(y) = -y**3 - 10*y**2 - 11*y - 6. Let d be v(-9). Let c = -3 - -8. Calculate the remainder when 2 - d*(-3)/3 is divided by c.
4
Suppose -y - 5 - 10 = 0. Let c = y - -22. Calculate the remainder when (-2)/4*2*-12 is divided by c.
5
Let t(l) = l**2 + 4*l + 3. What is the remainder when 190 is divided by t(-7)?
22
Let p = -28 - -73. Calculate the remainder when p is divided by 8.
5
Let u(l) = l**3 + l**2 - l + 1. Suppose -2*o = c - 4*c - 67, c = -3*o + 95. Calculate the remainder when o is divided by u(2).
10
Suppose 9*a - 243 = 6*a. Calculate the remainder when a is divided by 21.
18
Suppose -39 = -3*g + 4*u, u + 9 = g - 4. Calculate the remainder when 23 is divided by g.
10
What is the remainder when 48 is divided by (-2 - 15)/(-2 - -1)?
14
Suppose -7*g = -g - 30. What is the remainder when 12 is divided by g?
2
Let k(p) = 122*p**3 + p**2 + p - 2. Calculate the remainder when k(1) is divided by 32.
26
Let p be (4 + 7/(-2))*38. Let i = p + -2. Calculate the remainder when i is divided by 5.
2
Suppose -3*m = 12, 2*u - u - 2*m - 48 = 0. Let n = -43 - -57. Calculate the remainder when u is divided by n.
12
Calculate the remainder when 4632/68 + (-2)/17 is divided by 23.
22
Let s = -48 - -87. Let r(l) = l**2 + 2*l + 2. What is the remainder when s is divided by r(-4)?
9
Suppose -o = 4*o - 60. What is the remainder when 44 is divided by o?
8
Suppose -2*k + 0*k = -3*i + 12, 5*k + 17 = i. Suppose -g = i*m - 2, g + 3*m = -0*g + 2. What is the remainder when g is divided by 1?
0
Let o = 7 + -2. Suppose p = 25 + 4. Suppose 5*u - p - 41 = 0. Calculate the remainder when u is divided by o.
4
Let f = 41 + 2. Suppose 3*i + 5*s = 0, 3*i - 2 = 2*i - s. Suppose -i*g + 7 - f = -d, -d + 2*g = -21. What is the remainder when 31 is divided by d?
9
Suppose 5*l - 19 = 51. Calculate the remainder when 37 is divided by l.
9
Let m = 19 - 4. Let o(c) = -c**2 + 2*c + 28. What is the remainder when o(0) is divided by m?
13
Let z(d) = -d**2 + 11*d + 10. Let c(t) = t**3 + 10*t**2 - 11*t + 14. Let a be c(-11). Let j = a - 7. What is the remainder when z(j) is divided by 13?
12
Let b(d) = 2*d**3 + 15*d**2 - 10*d - 7. Calculate the remainder when 14 is divided by b(-8).
5
Suppose -4*c = 46 - 154. Calculate the remainder when 161 is divided by c.
26
Suppose -2*k + 224 = -c, 337 = 3*k - 0*k - 2*c. Calculate the remainder when k is divided by 28.
27
Let p = 24 - -5. Let g(j) = 46*j**2 - 3*j + 2. Let o be g(1). Suppose 0 = 2*t + t - o. Calculate the remainder when p is divided by t.
14
Suppose 9*q - 35 = 181. Calculate the remainder when 93 is divided by q.
21
Suppose -5*b + 147 = 2*n, -2*b